
In base 12, what is -1a8 + 9?
-19b
In base 8, what is -16 - 1176?
-1214
In base 7, what is -56 - -252?
163
In base 15, what is -3 + -607?
-60a
In base 15, what is 8 + 38?
41
In base 3, what is -11202 - 10?
-11212
In base 14, what is 5 + -670?
-669
In base 12, what is 2 - 48?
-46
In base 16, what is 3 + 5?
8
In base 2, what is -10 + 101101001?
101100111
In base 16, what is 3 + -17?
-14
In base 14, what is -9a6 + 2?
-9a4
In base 16, what is -3 + 26?
23
In base 12, what is 365 - -3?
368
In base 7, what is 130 - -1?
131
In base 13, what is 24 + 3a?
61
In base 11, what is 4 + -a?
-6
In base 12, what is 13 + 4?
17
In base 12, what is 0 + 1380?
1380
In base 9, what is 5 - -342?
347
In base 7, what is -13 - 4?
-20
In base 5, what is 3 - 3?
0
In base 13, what is -a + 0?
-a
In base 3, what is 12 + 121201?
121220
In base 2, what is 10001 + -1?
10000
In base 13, what is -5 - 4?
-9
In base 12, what is -12 - -20b?
1b9
In base 12, what is -83 + 3a?
-45
In base 12, what is -4 + -26?
-2a
In base 15, what is 1d - -74?
92
In base 8, what is 64 - -14?
100
In base 13, what is 2 + -956?
-954
In base 12, what is -1335 + -2?
-1337
In base 16, what is 22 - 7?
1b
In base 11, what is -4 - -55?
51
In base 16, what is -27 + 7f?
58
In base 15, what is 2 - -42?
44
In base 16, what is -1 + 1?
0
In base 9, what is -4 - -3?
-1
In base 4, what is 11103 + 2?
11111
In base 4, what is -23 - 310?
-333
In base 11, what is -3 + -a25?
-a28
In base 13, what is 3 + -52?
-4c
In base 8, what is -5 + -223?
-230
In base 14, what is 2 - -d?
11
In base 8, what is 1770 - 3?
1765
In base 8, what is -2 - 2535?
-2537
In base 8, what is -231 - 11?
-242
In base 7, what is 0 - 4215?
-4215
In base 15, what is -22 - 3?
-25
In base 16, what is -4 + 31?
2d
In base 8, what is -2 - 342?
-344
In base 10, what is 17 - 16?
1
In base 5, what is -41 - 3?
-44
In base 13, what is a53 + 0?
a53
In base 16, what is 29 - -b?
34
In base 12, what is 284 + -4?
280
In base 16, what is -a37 - -2?
-a35
In base 8, what is 0 + -1036?
-1036
In base 2, what is -1001110001000 - -101?
-1001110000011
In base 11, what is -a8 + 7?
-a1
In base 7, what is -16 + -16?
-35
In base 12, what is 6 - -371?
377
In base 2, what is 1 - -10100000111?
10100001000
In base 2, what is 1111100 + -10100?
1101000
In base 3, what is -11010102 + -11?
-11010120
In base 11, what is -6 - -18a?
184
In base 12, what is 2099 - -a?
20a7
In base 6, what is -5 - -245?
240
In base 8, what is 0 + 275?
275
In base 4, what is 23 - 1101?
-1012
In base 15, what is d + -11?
-3
In base 13, what is -7 - 89?
-93
In base 12, what is -14 - -11?
-3
In base 5, what is 230 - 1?
224
In base 11, what is -7 + -508?
-514
In base 5, what is 2203 - 10?
2143
In base 7, what is -1020 + 0?
-1020
In base 4, what is 3 - -102?
111
In base 15, what is 5 + 246?
24b
In base 11, what is 5 - -64?
69
In base 7, what is 3122 - 4?
3115
In base 6, what is -2 + 1433?
1431
In base 13, what is 4 - -1571?
1575
In base 9, what is 10 - -410?
420
In base 16, what is -23 + 2e4?
2c1
In base 3, what is -11 - -100102210?
100102122
In base 3, what is 2 + -11002020?
-11002011
In base 16, what is 0 - 337?
-337
In base 10, what is 10 + 81?
91
In base 4, what is -1 + -1210?
-1211
In base 10, what is 46 - -57?
103
In base 14, what is -3 - 1376?
-1379
In base 8, what is -127573 + -4?
-127577
In base 9, what is -12 - 85?
-107
In base 15, what is 4 - a8c?
-a88
In base 16, what is -26e + 2?
-26c
In base 4, what is -2201021 - -2?
-2201013
In base 11, what is 5 - -348a?
3494
In base 3, what is -22 - -22?
0
In base 3, what is -212121 + 10?
-212111
In base 5, what is -3041 - -12?
-3024
In base 14, what is -15 - -a1?
8a
In base 6, what is -13545 + 3?
-13542
In base 5, what is 14 - -11200?
11214
In base 5, what is 2 - 14011?
-14004
In base 14, what is 25 - b?
18
In base 6, what is -45 - -5?
-40
In base 8, what is -5 - 15?
-22
In base 3, what is -10 + -22?
-102
In base 3, what is -1211 - 22?
-2010
In base 8, what is -21 - 7?
-30
In base 2, what is 101 - 1011011?
-1010110
In base 5, what is 3233 + 4?
3242
In base 8, what is 0 + -116?
-116
In base 2, what is 11001010 - -11?
11001101
In base 13, what is 4 - -573?
577
In base 15, what is 22 + 5?
27
In base 9, what is -28 + 2?
-26
In base 13, what is -4 + -43?
-47
In base 8, what is 143 + 1?
144
In base 11, what is 602 - -3?
605
In base 13, what is -64c8 - 2?
-64ca
In base 6, what is -25 + -235?
-304
In base 3, what is 12110 + -102?
12001
In base 5, what is -14402 - -1?
-14401
In base 9, what is -4 + -74?
-78
In base 3, what is 10211 - -22?
11010
In base 8, what is -6 + -32?
-40
In base 10, what is -1 + 35?
34
In base 9, what is -1 - 111?
-112
In base 5, what is -10 - -1?
-4
In base 14, what is 5 + -13?
-c
In base 4, what is 1013 - 11?
1002
In base 5, what is 1211 + -2?
1204
In base 2, what is 101 + 110?
1011
In base 15, what is 6 + -c1?
-ba
In base 3, what is -12002 + -12?
-12021
In base 6, what is -504 - 45?
-553
In base 11, what is -2a - 42?
-71
In base 16, what is e + 36a?
378
In base 15, what is 5ee + 2?
601
In base 2, what is -101 + -10100101?
-10101010
In base 7, what is 41023 + 4?
41030
In base 5, what is 401 + 2?
403
In base 9, what is -33 + 30?
-3
In base 15, what is 37a + -2?
378
In base 9, what is -2 - -60?
57
In base 16, what is 41 + 0?
41
In base 15, what is b3 + -c?
a6
In base 11, what is -13 - -175?
162
In base 12, what is -113 + 10?
-103
In base 7, what is 224 - -222?
446
In base 15, what is -4 - -4a0?
49b
In base 4, what is 33332 - 13?
33313
In base 2, what is 101 + 100101100?
100110001
In base 14, what is 4 - -3?
7
In base 15, what is -14c - -7?
-145
In base 15, what is 0 - e4?
-e4
In base 3, what is 22 + 12?
111
In base 16, what is -b - -5?
-6
In base 5, what is 3 + 244?
302
In base 10, what is -74 - -198?
124
In base 9, what is 276 + 13?
300
In base 10, what is 4 + 742?
746
In base 7, what is 231 - 11?
220
In base 7, what is 611 - 15?
563
In base 9, what is 4 - -10?
14
In base 4, what is 323002 - -2?
323010
In base 6, what is -15 - -1305?
1250
In base 13, what is 66b + -1?
66a
In base 5, what is 1014 + -2?
1012
In base 3, what is 2212 - 11?
2201
In base 8, what is -632 - 2?
-634
In base 10, what is -114 + -3?
-117
In base 2, what is -11 + -10010011101?
-10010100000
In base 8, what is 1 + -414?
-413
In base 15, what is 4e9c + -3?
4e99
In base 15, what is 26c + 2?
26e
In base 8, what is -4 + 14324?
14320
In base 8, what is 22140 + 5?
22145
In base 7, what is -52 + -10?
-62
In base 12, what is -641 - 9?
-64a
In base 9, what is 2 + 322?
324
In base 11, what is 22 + 10?
32
In base 13, what is 1401 + -3?
13cb
In base 12, what is 68 + -76?
-a
In base 16, what is -a - -260?
256
In base 4, what is 11 - 23013?
-23002
In base 3, what is -2 - 100100?
-100102
In base 2, what is -11100101 + 0?
-11100101
In base 9, what is -372 + -5?
-377
In base 9, what is -32 + -127?
-160
In base 15, what is 3d8e + -1?
3d8d
In base 2, what is 100001 - 1111?
10010
In base 2, what is -10101111101000 + -101?
-10101111101101
In base 9, what is 15 + 3?
18
In base 11, what is -60 - 5a?
-10a
In base 15, what is 5 + e?
14
In base 10, what is -46 - 0?
-46
In base 5, what is 14 - -1342?
1411
In base 2, what is -1 + 101010101?
101010100
In base 16, what is 25 + -2?
23
In base 16, what is 2 + -43d?
-43b
In base 11, what is -1 - 660?
-661
In base 3, what is -2 - -10021?
10012
In base 11, what is -3 - -5?
2
In base 14, what is -15 + 37b?
366
In base 12, what is -1 + 67?
66
In base 15, what is 28 - -7?
30
In base 15, what is -b - 10?
-1b
In base 9, what is -72 - -5?
-66
In base 14, what is -591 - 1?
-592
In base 4, what is -1121332 + -1?
-1121333
In base 10, what is -2083 + -4?
-2087
In base 5, what is -1 + 10033?
10032
In base 6, what is 2344 + -5?
2335
In base 11, what is -2645 - -3?
-2642
In base 11, what is -5 - 5a?
-64
In base 3, what is -1 + 10011222?
10011221
In base 15, what is -820 + 0?
-820
In base 12, what is 8 - 4b?
-43
In base 11, what is -12 - -14?
2
In base 9, what is 385 - -2?
387
In base 6, what is -2 + -543?
-545
In base 8, what is -344 - -7?
-335
In base 14, what is -33 - a?
-3d
In base 14, what is -6 + -736?
-73c
In base 8, what is 1 + 27?
30
In base 3, what is 10 + 1021?
1101
In base 15, what is -288 - -2?
-286
In base 15, what is 188 - -b?
194
In base 11, what is 11 - 4a?
-3